278 = -26482 + 370. List the prime factors of d.
3, 5, 257
What are the prime factors of (15/(-18))/(17/24123)*-6?
3, 5, 11, 43
Let q be 23 + (1 - (-5 + 3)). Let x = -21 + q. Suppose a + 0*l - 31 = -3*l, 0 = -x*l + 10. List the prime factors of a.
5
Let p(u) = -6*u - 1. Let q be p(12). Let d = 82 - q. List the prime factors of d.
5, 31
Suppose -4*r - b - 239 = 0, 3*b + 2*b = 3*r + 208. Let k = -49 - r. Suppose 0 = -4*v + k + 96. List the prime factors of v.
3
Let p be (1 + 4)/(-1)*3228/30. Let v = -290 - p. What are the prime factors of v?
2, 31
Let a = -202 - -359. Let l = a - 150. What are the prime factors of l?
7
Let o = -3293 - -25950. What are the prime factors of o?
139, 163
Let u(v) = v**3 + 59*v**2 - 20*v - 38. Let s be u(-35). Suppose 33*y + 7787 = s. What are the prime factors of y?
3, 5
Let p(j) = -1278*j + 437. List the prime factors of p(-3).
4271
Let o = 112 + -108. Suppose 9*z = -o*z + 1482. What are the prime factors of z?
2, 3, 19
Let s be -308 + (10/8)/(8/(-32)). Let u = s - -1626. List the prime factors of u.
13, 101
Suppose -3*h = -2*o, 3*o + 1 = -3*h + 16. Suppose 65*y = 71*y + 42. List the prime factors of ((3 - y) + h)*1.
2, 3
Suppose -4*g + 4*m - 8607 + 66547 = 0, 3*m + 28969 = 2*g. Suppose 0 = 34*o - g - 2548. What are the prime factors of o?
3, 167
Let k(g) = -1202*g + 590. List the prime factors of k(-15).
2, 5, 7, 19
Let u(l) be the third derivative of -l**6/60 + 43*l**5/60 + l**4/4 + 11*l**3/6 + 17*l**2 - 1. List the prime factors of u(20).
11
Let l be 3/(-18) - (-16570)/(-12). Let z = l - -2192. List the prime factors of z.
811
Suppose 17*w + 5 = 18*w. Suppose -b + 2 - 1 = 0, w*z = 2*b + 78. List the prime factors of 1034/z + (-12)/(-32).
5, 13
Suppose 44262 = 3572*o - 3563*o. List the prime factors of o.
2, 2459
Suppose 0 = -2*n - 3*x - 1, n + 4 = x + 1. Let y be n/2 - -4 - -8. Let s(u) = u**3 - 10*u**2 - 2*u. What are the prime factors of s(y)?
3, 11
List the prime factors of (-6101)/(-1) - (120/15 - 0).
3, 677
Let h = 3448 - 1973. Let k = h + -859. List the prime factors of k.
2, 7, 11
Let u(j) = -j**3 + 4*j**2 - 8*j - 1. Let b be u(4). Let h = b + 66. List the prime factors of h.
3, 11
Suppose 3*c - 1403 = 5*u, -6*c - u = -11*c + 2309. Let y = c - 315. What are the prime factors of y?
2, 73
Let a be 0/((-20)/(-4)) - (-2 + -2). Suppose a*n - 4*g = -8, 5*g + 0 = -2*n + 10. Suppose n = -2*o - 6, 70 + 98 = r + 5*o. List the prime factors of r.
3, 61
Let k = 989 + -984. Suppose -2*l - 3*l = 0. Suppose l = k*r - 177 - 68. What are the prime factors of r?
7
Let l = 87841 + -42624. What are the prime factors of l?
103, 439
Suppose -3*a + 6452 = 2*x, -13*x - 4280 = -2*a - 9*x. List the prime factors of a.
2, 3, 179
Suppose -6*a = 2*a - 4928. Let p be a/(-4 + 26/6). Suppose -12*t + t = -p. What are the prime factors of t?
2, 3, 7
Suppose 103 = -5*z - 2*u + 75788, -3*z + u + 45411 = 0. What are the prime factors of z?
15137
Let l be (4 + (-180)/50)/(1/20). What are the prime factors of ((-6537)/(-13) - l/(-52)) + 3?
2, 11, 23
Suppose 9*l = 11*l. Let o(f) = f + 5. Let p be o(l). Suppose 5*h - 175 = 3*k, p*k + 0*k = 2*h - 51. List the prime factors of h.
2, 19
Let c(h) = -h**3 + 8*h**2 + 3*h + 10. Let a be c(8). Let o = a - 38. What are the prime factors of 2/1 + -2 + o + 18?
2, 7
Suppose -785*t - 20715 = -g - 787*t, -5*g + t = -103553. List the prime factors of g.
139, 149
Suppose -q - 2*l - 62900 = -5*q, 78619 = 5*q - 4*l. Suppose q = -29*c + 40029. List the prime factors of c.
2, 419
Let d(i) = -4*i**2 - i + 1. Let u be d(1). Let g(b) = -2*b**3 - 74 + 83 + 40*b**2 - 45*b**2 + 4*b. What are the prime factors of g(u)?
41
Let t be (-2 + 0)/(5 + 33/(-6)). Suppose 3*k - 18 = -t*p + 10, p + 3*k = 7. Suppose 5*i - 2508 = -p*i. List the prime factors of i.
11, 19
Suppose 3*t - 4 - 14 = 0. Suppose -5*f = -3*p - 831, t*f - 519 = 3*f - 5*p. List the prime factors of f.
2, 3, 7
Suppose -2*q - q = b, -5*b + 2*q + 34 = 0. Let i(m) = 8*m**2 + 7*m - 35. What are the prime factors of i(b)?
5, 59
Let x(d) = -d + 14. Suppose -4*h - 34 + 246 = 0. Let c = 39 - h. List the prime factors of x(c).
2, 7
Let o = 646 + -644. What are the prime factors of -204*(o/(12/(-18)) - 2)?
2, 3, 5, 17
Let a be (-6)/8 + (-209)/(-76). Suppose 8*i = 5*i + 3*h + 222, -5*i + 376 = -a*h. List the prime factors of (i/6)/(2/21).
7, 19
Let y(t) = 14 - 205*t + 408*t - 210*t. Suppose -2*g = -4, -g = -3*c - 27 + 7. List the prime factors of y(c).
2, 7
Let i be 1004 + 0 - (0 + 2 + 1). Let c = i - 236. List the prime factors of c.
3, 5, 17
Suppose 0 = -5*j + 4*w + 179683, -56*w + 60*w = -3*j + 107765. List the prime factors of j.
3, 7, 29, 59
Let n = -245 - -168. Let r = n + 54. List the prime factors of (-90)/(-36)*(-1 - r).
5, 11
Suppose 20*u + 4556 = 16*u. Let l = -384 - u. Suppose 2*c = 4*s - l + 299, c = 0. List the prime factors of s.
2, 3, 19
Let u = -69 - -74. Suppose 0 = 5*a + u*t - 6685, 0 = t - 0 + 4. List the prime factors of a.
3, 149
Suppose -948301 + 3832671 = 211*t. What are the prime factors of t?
2, 5, 1367
Let n = -1022 - -1033. Let g be ((-4)/6 + 1)*0. Suppose g = n*x - 90 - 130. List the prime factors of x.
2, 5
Let h = 18169 - -26291. What are the prime factors of h?
2, 3, 5, 13, 19
Let j(q) = 2*q**2 - 10*q - 3. Suppose 128 - 173 = 5*n. What are the prime factors of j(n)?
3, 83
Suppose 0 = -o - 4*w + 883, 0 = 18*o - 16*o - w - 1730. Let q = -414 + o. What are the prime factors of q?
3, 151
List the prime factors of (-264 - -14)/((-2)/19).
5, 19
Suppose 5*i + 194 + 96 = 0. Let m = i - -58. Suppose 3*l - 7 - 8 = m, -4*p = -l - 467. What are the prime factors of p?
2, 59
Let n(o) = 878*o**2 + 4*o + 7. Suppose -7*p = 313 - 306. What are the prime factors of n(p)?
881
Let m(h) = -70*h**2 + 15*h - 55. Let r(v) = -35*v**2 + 7*v - 26. Let d(z) = 2*m(z) - 5*r(z). List the prime factors of d(4).
2, 5, 7
Let y(j) = 2*j**3 - 5*j**2 + 10*j - 7. Let g(x) = -x**3 + 21*x**2 + 21*x + 28. Let i be g(22). What are the prime factors of y(i)?
5, 61
Suppose 0 = -5*m - 391 - 4. Let t = 82 + m. Suppose -2*w - 2*w + 450 = 2*z, 0 = -2*w - t*z + 235. List the prime factors of w.
2, 5, 11
Suppose -3*u + 6 = 0, -o + 15*u + 4760 = 17*u. What are the prime factors of o?
2, 29, 41
Let b = 2971 + -920. Suppose -9*m + 7*m = 2*c - 818, 0 = 5*c + 3*m - b. List the prime factors of c.
2, 103
Let w(d) be the second derivative of -d**5/4 + 5*d**4/12 + d**3 + 4*d**2 + 2*d + 320. Let k = -7 - -4. List the prime factors of w(k).
2, 5, 17
Let b(o) = -o**3 + 12*o**2 - 7*o - 6. Let k = 98 - 92. Suppose 34 = k*x - 2. List the prime factors of b(x).
2, 3, 7
Suppose 4*o = -4*l + 20080, -11*o + 7*o + 4*l + 20032 = 0. List the prime factors of o.
2, 23, 109
Let a(h) be the first derivative of -h**4/4 + 10*h**3/3 + 2*h**2 - 10*h + 1. Suppose 3*b + 2*x = 18, b - 34 = 78*x - 74*x. What are the prime factors of a(b)?
2, 3, 5
Let k(w) = -2*w - 35. Let v be k(0). Let g = 17 + v. Let d(o) = o**2 + 17*o + 27. What are the prime factors of d(g)?
3, 5
Suppose 25*a = -0*a + 36525. Suppose b = -3*t + a, 6*b - 8*b = -2*t - 2954. What are the prime factors of b?
3, 491
Let g(i) = 622*i**2 - 10*i + 6. Let m(b) = 1243*b**2 - 21*b + 12. Let j(u) = 9*g(u) - 4*m(u). What are the prime factors of j(1)?
2, 313
Let j = 18394 - 10776. What are the prime factors of j?
2, 13, 293
Suppose -4*k - 151718 = -2*q, -q + 9068 + 66777 = 5*k. What are the prime factors of q?
3, 5, 13, 389
Suppose -2*k + 2*z + 4 = 0, 2*z - 4 = -6*k + 4*k. Suppose 0 = k*n + j - 1893, n + 15*j = 12*j + 949. What are the prime factors of n?
2, 11, 43
Suppose 5*k + 4*k - 4473 = 0. Suppose k = 2*v - 5*g, -4*v + 4*g = -521 - 491. What are the prime factors of v?
2
Let d = 1 - 0. Let k(x) be the first derivative of 211*x**2/2 - 3*x + 1348. What are the prime factors of k(d)?
2, 13
Suppose 0 = 6*y - 4*y + 10*y - 221328. List the prime factors of y.
2, 3, 29, 53
Suppose 216*j - 204*j = 32448. List the prime factors of j.
2, 13
Let v be -1*(-8 + 10) - (-1 + 3609). What are the prime factors of 1/(v/1810 + (0 - -2))?
181
What are the prime factors of ((-99)/22)/((-6)/22860)?
3, 5, 127
Suppose -2601 = -x + 2*v + 1223, -3*x = 5*v - 11406. What are the prime factors of x?
2, 953
Let h(t) = 9*t**3 + 2*t + 29. Let a(k) = 5*k**3 + k + 15. Let b(l) = 11*a(l) - 